Let x(u) = u**3 - 12*u**2 + 10*u + 13. Let f be x(11). What is l(f)?
-2
Suppose -z - z - 4 = 0. Let p = z - -3. Let q(r) = -r + 0 - p + r - r. What is q(-1)?
0
Let p(o) be the second derivative of -o**8/6720 + o**7/630 - o**5/30 - o**4/3 - 3*o. Let z(t) be the third derivative of p(t). Calculate z(3).
5
Let b = 38 + -38. Let x(q) = -q**2 + q + 9. Calculate x(b).
9
Suppose 0 = -4*s + 3*s - 5. Let w = -2 - s. Let g be w + (2 - 2) + 2. Let d(k) = k**3 - 5*k**2 + k - 7. Determine d(g).
-2
Let y(b) be the second derivative of -1/360*b**6 + 0*b**2 - 1/24*b**4 + 0 + 1/40*b**5 - b - 1/6*b**3. Let o(h) be the second derivative of y(h). Determine o(2).
1
Suppose 9*s - 5*s = 0. Let h be (-2)/((-1 - -2)*-1). Let x(p) = 0*p**2 + 5 + p**2 + p - h*p**2. Determine x(s).
5
Suppose 4*x - 2*s + 10 = -14, -3*x = -2*s + 16. Let d be x*(0 - 1/2). Let n(a) = -2 + 0*a + 3*a - d*a. Determine n(-4).
2
Let r(i) = -4*i - 2. Suppose -24 = -4*d + 12*d. Give r(d).
10
Let a = 351 + -348. Let k(u) = -u**3 + 2*u**2 - 4. Let t(z) = -5*z**3 + 10*z**2 - z - 21. Let m(o) = 11*k(o) - 2*t(o). Determine m(a).
-5
Let c(j) = j**2 - j + 3. Let v = -19 + 19. Determine c(v).
3
Suppose -2 - 3 = -5*b. Let c be (6 - b) + -3 + 1. Let r(z) = -2*z - 5 + c*z + z - z. Calculate r(3).
-2
Let w = -8 + 9. Let t(p) = 11*p + 11. Let k(o) = -4*o - 4. Let i(d) = 8*k(d) + 3*t(d). Give i(w).
2
Let x(j) = -7*j. Suppose 0 = 3*b + 2*b + 20. Let z be (b - -8) + -3 + 0. Give x(z).
-7
Let i(p) = -6*p**2 - p**2 + 1 + 2*p**2 + p + 3*p**2. Let v be 1/(2/3)*2. Suppose -11 = -2*g + 3*k, 5*k + v + 14 = 4*g. Determine i(g).
-9
Let w(h) be the third derivative of -h**4/6 - h**2. Suppose 3*x + 4 = -a, 0 = -2*x + a - 6*a + 6. What is w(x)?
8
Let o(v) be the second derivative of -v**5/20 - 3*v**4/4 + 4*v**3/3 - 7*v**2 - 3*v. Let i be o(-10). Let b(h) = h - 13. Determine b(i).
-7
Let m(j) = 3*j + 1. Let z = 1 - 0. Let g be m(z). Let s(x) be the first derivative of x**2/2 + 2*x + 3. What is s(g)?
6
Suppose -4*x - 1 = -2*h + 9, 4*h + x - 20 = 0. Let f be 6/(-15) - 8/h. Let w(n) = n**3 - 4*n - 3. What is w(f)?
-3
Let g(x) = x**3 + 2*x**2 - x - 2. Suppose 21 = -2*q - 5*q. Calculate g(q).
-8
Let h(f) be the second derivative of f**5/20 + 7*f**4/12 - 7*f**2/2 + f. What is h(-7)?
-7
Let o = 14 + -8. Suppose -3*w = 12 + o. Let u(z) = -z**2 - 6*z + 5. Give u(w).
5
Let s(y) be the third derivative of y**5/60 + 5*y**4/24 + y**3/3 + 2*y**2 + 29. Give s(-5).
2
Suppose -4*d = -4*s + 48, 2*s - d = 4*d + 39. Let j(f) = -s*f**2 + 19*f**2 + 4*f + 3 - 10*f**2. What is j(-3)?
9
Let m(d) = -3*d + 2. Suppose -2*p - 2*y + 10 = -0, -4*y = 2*p - 10. What is m(p)?
-13
Let b(d) = -d**3 + 6*d**2 - 4. Let j = -29 + 35. Give b(j).
-4
Let y(t) = -t**2 + t**3 - 7*t + 2*t + t**2 - 3*t**2 + 5. Let c be y(4). Let d(k) = -12*k**2. What is d(c)?
-12
Let v(h) = h**2 - h - 1. Let n(d) be the third derivative of d**5/60 - 5*d**4/12 - d**3/2 - d**2. Let f(r) = -n(r) + 2*v(r). Give f(-7).
-6
Let b(n) = 4*n - 1. Let x = -1 - -1. Suppose 5*v - 1 + 6 = x. Let w = v - -4. Give b(w).
11
Suppose 16 = -26*p + 24*p. Let u(f) = -f**2 - 9*f - 9. What is u(p)?
-1
Let u(h) = h**3 - h**2 - h. Let v be 0/((-1 - -2) + 0). Suppose 5*p - p - 4 = v. Determine u(p).
-1
Suppose 5*c = 8 + 2. Suppose c*t = 3*t - 4. Let m(j) be the second derivative of j**5/20 - j**4/4 - 5*j**3/6 + 3*j**2 + 2*j. What is m(t)?
2
Let h = 26 - 24. Let w(c) be the third derivative of 1/12*c**4 + 0*c - h*c**2 + 0 + 1/2*c**3 - 1/60*c**5. Determine w(3).
0
Let z = -3 - 0. Let w(d) be the first derivative of -d**5/60 - d**4/24 + d**3/2 + 3*d**2/2 - 4. Let s(o) be the second derivative of w(o). Calculate s(z).
-3
Let g(c) = c**3 - c**2 - c - 1. Suppose -t - 2*t = -24. Let b = -6 + t. Suppose -4*h = m - b, 2*h + 2 + 4 = 3*m. Calculate g(h).
-1
Let s(r) = 11*r + 7. Let l(c) = 5*c + 3. Suppose 0 = 3*k - 4 - 14. Let g(a) = k*s(a) - 13*l(a). Give g(-5).
-2
Suppose 0 = -2*k - k + 30. Let v = -2 + -12. Let j = v + k. Let s(t) = -t**2 - 5*t - 5. Calculate s(j).
-1
Let u(a) = 2*a. Let t = 1 - 1. Suppose t = -5*l + 3*x - 2, -2*x - x = -2*l - 8. Give u(l).
4
Let c(l) = -2 + 19*l - 17*l - 1. What is c(4)?
5
Let o(f) = f - 12. Let s = -12 - -20. What is o(s)?
-4
Suppose 0 = 4*z - 5*o - 1, -2*z = -0*z - 4*o + 4. Let r(d) = d**2 - z - 2*d**2 + 1 - 7*d. Let u(a) = -2*a + 13. Let n be u(9). Calculate r(n).
7
Let i = 4 + -4. Let c(w) = 1 - 5 + 8 - w. Give c(i).
4
Let i(b) = 14*b**3 - b + 4*b + 0*b - 13*b**3 + b**2 + 2. Determine i(-2).
-8
Let q be 1 - (-3 - (-12)/4). Let l(x) be the third derivative of x**5/60 + x**4/24 - x**3/6 - x**2. Determine l(q).
1
Let w(g) = -g**2 - g + 1. Let u(f) = -7*f - 27. Let k be u(-4). Calculate w(k).
-1
Let w(m) = -3*m + 13. Let b be w(7). Let h(o) = -o**3 - 7*o**2 + 9*o + 8. Give h(b).
0
Suppose -2 = -4*x - 2*c + 12, 11 = 2*x - 3*c. Let b(d) be the second derivative of -5*d**3/6 + 2*d**2 - 2*d. Give b(x).
-16
Let f = -1 + -1. Let q be ((-1)/((-1)/f))/(-2). Suppose -3 = 2*a + q. Let h(k) = -2*k**2 - 2*k - 2. Calculate h(a).
-6
Let p(i) = i**3 - 5*i**2 + 5*i - 2. Let q(a) = 4*a**2 + 5*a - 5. Let g(h) = -11*h**2 - 16*h + 15. Let v(m) = -3*g(m) - 8*q(m). Let y be v(-9). Give p(y).
2
Let n = 49 - 55. Let r(a) = a**3 + 5*a**2 - 4*a + 4. Calculate r(n).
-8
Let a(i) = 2 + 1 + 13*i - 32*i + 6*i + 12*i. Suppose 6 + 3 = 3*x. Calculate a(x).
0
Suppose -12 = -2*q + 2. Let w = q - 7. Let u(x) = -1 - x + x**2 + x**2 - x**2. What is u(w)?
-1
Let i be ((-6)/(-9))/(8/3). Let v(k) be the first derivative of -3/2*k**2 + i*k**4 - 2 + k**3 + k. What is v(-4)?
-3
Suppose -4*t + 44 = -100. Suppose 0 = -5*j - 5*c + c - t, 0 = -2*j + 3*c + 4. Let w(o) = -o**3 - 4*o**2 + o + 5. Give w(j).
1
Let v(z) = -4*z**2 + 4*z - 3. Let h(i) = -5*i**2 + 3*i - 2. Let y(q) = -3*h(q) + 4*v(q). Calculate y(6).
0
Let j(d) be the third derivative of -d**5/60 + 7*d**4/24 - d**3/2 - 10*d**2. Give j(7).
-3
Let u = 122 - 115. Let d(o) = -o**3 + 6*o**2 + 8*o - 2. Determine d(u).
5
Let w(m) = -m**2 + 3*m + 2. Suppose -2*g - 1 + 3 = 0. Let h(j) = -2*j**2 + j - 1. Let i be h(g). Let p be (-2 - i) + (1 - -2). What is w(p)?
2
Let l = 8 + -4. Let d(r) = r**2 - 7*r - 3. Let p(f) = -f - 2. Let y(z) = -d(z) + 4*p(z). What is y(l)?
-9
Let l be ((-90)/(-4))/9*(-2 + 4). Let q(d) = -3 + d**3 - 6*d**2 + 0*d**2 + 6*d + 1. Give q(l).
3
Let l(f) = f - 1. Suppose 2*p + 1 = -11. Let i = p + 12. Suppose -z + 20 = -i*z. What is l(z)?
-5
Let w = -4 - -7. Let p(k) = 3 + 0*k**3 - 3*k**2 - 1 + k**3. Give p(w).
2
Let p = -53 + 47. Let k(y) be the third derivative of y**6/120 + y**5/12 - 7*y**4/24 - y**3 - y**2. Calculate k(p).
0
Let z(x) = -3 - x + 0 + 1. Let t = -22 + 13. Let m be 24/t*6/(-4). Calculate z(m).
-6
Let d = 5 - 6. Let b = d + 0. Let f be b - (1 + -3 - 1). Let s(g) = g**3 - g + 2. Calculate s(f).
8
Let i(s) be the first derivative of 4 - 1/2*s**2 + s. Calculate i(-5).
6
Let t = -5 + 7. Let w(k) = 5 + 4*k - 2*k**2 + 0*k**t + 3*k**2 + 0*k**2. Determine w(-4).
5
Let l(c) be the third derivative of c**6/120 - c**5/60 - c**3/6 + 2*c**2. Suppose 7*b = -b + 8. Determine l(b).
-1
Let p(h) = 2*h - 6. Let d be p(6). Let f(g) = -22*g - 2. Let w(a) = 19*a + 2. Let o(y) = 6*f(y) + 7*w(y). Determine o(d).
8
Let r(j) = -14*j**3 - 2*j**2 - 2*j - 1. Suppose 0 = 2*l + f + 4 + 3, l = 4*f - 26. Let w = l - -14. Let c = w - 9. What is r(c)?
13
Let n(d) = d**2 + 10. Let f be (11/22)/((-2)/(-12)). Suppose 5*t - f - 2 = 0. Let c be (0/4)/(2*t). Give n(c).
10
Suppose -y - 2 = -5. Let w(m) = -m**3 + 4*m**2 - 1. Calculate w(y).
8
Let t(p) = p**3 - p**2 - 2*p + 10. Let b(h) = h**3 - h**2 - 3*h + 11. Let o(q) = -2*b(q) + 3*t(q). Let n = -4 + 4. What is o(n)?
8
Let f(s) = 5 - 2 + 3 - 3 + 2*s. Suppose r - 4*r + 12 = 0. Let m = -7 + r. Calculate f(m).
-3
Let r(i) = i + 15. Let c(l) = -7. Let m be (-12)/15*10/4. Let b(j) = m*r(j) - 5*c(j). Give b(6).
-7
Let n(l) = 2*l**2 + 9*l - 3. Let b(h) = -3*h**2 - 10*h + 3. Let k(s) = -5*b(s) - 6*n(s). Let v = 12 - 20. Let f be v/(-28) - (-24)/14. Give k(f).
7
Let i = -7 + 5. Let c be 3 - (i - -3)/1. Let a(s) = 0 - 2*s**2 + 6*s**3 + 2*s - 2 - 5*s**3. Give a(c).
2
Suppose 2*v - 30 = -4*i, -5*i + i + 35 = 3*v. Let f(t) = t**3 - 5*t**2 - t - 6. Give f(v).
-11
Let z(s) = s**3 - 5 - 4*s**2 - 4*s**2 - 5*s + 4*s**2 + s. Let b(r) = r**3 + 4*r**2 - r + 1. L